 of 459774582?
4
What is the tens digit of 1421818173?
7
What is the units digit of 45966676?
6
What is the ten thousands digit of 758487074?
8
What is the hundreds digit of 55701708?
7
What is the hundred thousands digit of 62220253?
2
What is the tens digit of 10008256?
5
What is the hundreds digit of 8754176?
1
What is the units digit of 4055152?
2
What is the ten thousands digit of 184615254?
1
What is the ten millions digit of 992772005?
9
What is the thousands digit of 663394653?
4
What is the units digit of 51557672?
2
What is the ten millions digit of 894508857?
9
What is the thousands digit of 839997276?
7
What is the units digit of 18721320?
0
What is the hundred thousands digit of 203510633?
5
What is the tens digit of 1522669420?
2
What is the ten millions digit of 641933626?
4
What is the ten thousands digit of 87490877?
9
What is the ten thousands digit of 9532026?
3
What is the millions digit of 17362380?
7
What is the millions digit of 37229938?
7
What is the hundreds digit of 2936292?
2
What is the hundreds digit of 765820728?
7
What is the tens digit of 2384758176?
7
What is the hundred thousands digit of 188437579?
4
What is the ten thousands digit of 49706163?
0
What is the thousands digit of 42723913?
3
What is the thousands digit of 22706553?
6
What is the ten millions digit of 217194547?
1
What is the millions digit of 35703719?
5
What is the hundred thousands digit of 23414717?
4
What is the ten thousands digit of 290180306?
8
What is the hundred millions digit of 470052132?
4
What is the units digit of 333484469?
9
What is the millions digit of 1566329259?
6
What is the hundreds digit of 67938037?
0
What is the ten thousands digit of 3351963825?
6
What is the hundred thousands digit of 554876371?
8
What is the tens digit of 273699357?
5
What is the millions digit of 580765506?
0
What is the ten millions digit of 213154353?
1
What is the hundreds digit of 606269693?
6
What is the millions digit of 134522949?
4
What is the tens digit of 545451045?
4
What is the units digit of 5212987?
7
What is the hundred millions digit of 2398484151?
3
What is the billions digit of 3117205808?
3
What is the ten thousands digit of 107600018?
0
What is the tens digit of 92856154?
5
What is the hundred thousands digit of 11503633?
5
What is the units digit of 169111834?
4
What is the millions digit of 528006171?
8
What is the ten millions digit of 80605522?
8
What is the ten millions digit of 324202607?
2
What is the ten thousands digit of 2017950849?
5
What is the hundreds digit of 3304713569?
5
What is the ten millions digit of 89098881?
8
What is the units digit of 130300779?
9
What is the hundred millions digit of 325455140?
3
What is the ten millions digit of 422311276?
2
What is the ten millions digit of 1013574722?
1
What is the hundreds digit of 31094150?
1
What is the ten thousands digit of 1833922877?
2
What is the ten thousands digit of 40598004?
9
What is the ten thousands digit of 53180163?
8
What is the millions digit of 2680161?
2
What is the hundreds digit of 1612064941?
9
What is the tens digit of 13684908?
0
What is the millions digit of 9017705522?
7
What is the tens digit of 188589762?
6
What is the millions digit of 29466443?
9
What is the thousands digit of 3791474009?
4
What is the millions digit of 596520372?
6
What is the thousands digit of 230626198?
6
What is the millions digit of 219905922?
9
What is the ten thousands digit of 60688982?
8
What is the tens digit of 20410475?
7
What is the units digit of 96120133?
3
What is the millions digit of 24972375?
4
What is the units digit of 99699698?
8
What is the hundred thousands digit of 30391307?
3
What is the ten thousands digit of 166272631?
7
What is the billions digit of 1986480356?
1
What is the hundred thousands digit of 267844717?
8
What is the units digit of 928662942?
2
What is the thousands digit of 2265412672?
2
What is the ten thousands digit of 1187056176?
5
What is the thousands digit of 120065006?
5
What is the ten thousands digit of 187735147?
3
What is the ten millions digit of 379592834?
7
What is the thousands digit of 593697660?
7
What is the hundred thousands digit of 610948058?
9
What is the ten thousands digit of 60722535?
2
What is the hundred thousands digit of 606116310?
1
What is the units digit of 41346977?
7
What is the ten thousands digit of 151806487?
0
What is the ten millions digit of 34053501?
3
What is the units digit of 101031693?
3
What is the tens digit of 10682335?
3
What is the ten thousands digit of 4518179932?
7
What is the units digit of 184533911?
1
What is the millions digit of 144973895?
4
What is the millions digit of 403187105?
3
What is the millions digit of 39611936?
9
What is the units digit of 195845473?
3
What is the units digit of 411403813?
3
What is the hundreds digit of 133652557?
5
What is the millions digit of 122551240?
2
What is the ten millions digit of 1620287740?
2
What is the ten millions digit of 36594682?
3
What is the hundred millions digit of 889938252?
8
What is the thousands digit of 1121090180?
0
What is the millions digit of 125054588?
5
What is the ten thousands digit of 80183334?
8
What is the millions digit of 511504513?
1
What is the ten millions digit of 4883241735?
8
What is the hundred millions digit of 302481518?
3
What is the ten thousands digit of 377939293?
3
What is the hundreds digit of 140470699?
6
What is the hundreds digit of 68322914?
9
What is the hundred thousands digit of 2017990294?
9
What is the tens digit of 7544625966?
6
What is the tens digit of 1280677936?
3
What is the millions digit of 4175120156?
5
What is the hundred thousands digit of 281570320?
5
What is the hundred millions digit of 831264777?
8
What is the hundreds digit of 134944146?
1
What is the millions digit of 5113349629?
3
What is the hundreds digit of 79837204?
2
What is the hundreds digit of 6052399077?
0
What is the thousands digit of 10847082?
7
What is the tens digit of 937561640?
4
What is the hundreds digit of 509535466?
4
What is the hundred thousands digit of 511854455?
8
What is the hundred thousands digit of 65912020?
9
What is the tens digit of 3974301652?
5
What is the hundreds digit of 420399342?
3
What is the tens digit of 6907082?
8
What is the units digit of 50701700?
0
What is the hundred thousands digit of 25319978?
3
What is the units digit of 579272859?
9
What is the hundred thousands digit of 8382980?
3
What is the hundred thousands digit of 313787934?
7
What is the units digit of 261240429?
9
What is the millions digit of 34449278?
4
What is the hundreds digit of 1583063516?
5
What is the millions digit of 1586059658?
6
What is the hundred thousands digit of 2722922670?
9
What is the ten millions digit of 48054312?
4
What is the millions digit of 3953053331?
3
What is the hundreds digit of 375779366?
3
What is the thousands digit of 77011180?
1
What is the hundred millions digit of 4612301452?
6
What is the ten thousands digit of 22830286?
3
What is the hundreds digit of 195976866?
8
What is the units digit of 64324685?
5
What is the hundred thousands digit of 129022373?
0
What is the hundred millions digit of 4659693955?
6
What is the units digit of 1015373710?
0
What is the tens digit of 561949352?
5
What is the hundred millions digit of 239178902?
2
What is the ten millions digit of 38086989?
3
What is the tens digit of 3960127265?
6
What is the hundred thousands digit of 407090518?
0
What is the units digit of 732040715?
5
What is the millions digit of 1412226394?
2
What is the hundreds digit of 807822145?
1
What is the hundred thousands digit of 1261881469?
8
What is the ten millions digit of 97861171?
9
What is the hundred thousands digit of 3352968539?
9
What is the hundred thousands digit of 2895155457?
1
What is the billions digit of 4102997929?
4
What is the ten thousands digit of 163486599?
8
What is the hundred thousands digit of 47397500?
3
What is the units digit of 614954241?
1
What is the ten millions digit of 208933216?
0
What is the hundreds digit of 2409663185?
1
What is the units digit of 774460323?
3
What is the thousands digit of 355932244?
2
What is the ten millions digit of 2131281852?
3
What is the ten millions digit of 1379437665?
7
What is the hundre